ulate the remainder when 88 is divided by m.
19
Suppose -5*x - 5*w = -67 + 22, x + 1 = 4*w. What is the remainder when 121 is divided by x?
2
Let h = -70 - -119. Let a be (0*2/8)/(-5). Suppose -11*s + 433 - 158 = a. Calculate the remainder when h is divided by s.
24
Suppose -245 = -4*k - k - 5*x, 4*x + 116 = 2*k. Suppose -9*r - 33 = -60. Suppose k = r*l - 53. Calculate the remainder when 135 is divided by l.
30
Suppose p - 5*p - 2*l + 278 = 0, -3*l + 281 = 4*p. Calculate the remainder when p is divided by (-61 - -49 - 64)*((-33)/(-12) + -3).
11
Let y(a) = -26*a - 4. Let c be y(5). Let l = c + 272. Calculate the remainder when l is divided by (235/20)/(61/244).
44
Let j = 151 - 263. Let o = j + 159. Suppose -w + n + 25 = 0, 7*n = -2*w + 8*n + 50. What is the remainder when o is divided by w?
22
Suppose -o - 9 = -4*o, -2*r + 2*o = -2. Let k be 10*r/60*9. Suppose 2*i = -k + 10. Calculate the remainder when 2 is divided by i.
0
Suppose -61 = -s - 0*s. Suppose 4*b + 2*i = -168, 2*b - 2*i + 5*i = -76. Calculate the remainder when s is divided by (-1372)/b - ((-24)/33)/(-4).
30
Let n = 24150 + -24130. Calculate the remainder when 18473 is divided by n.
13
Let t = 2 - -1. Suppose -a + 3*j = t*a - 13, 2*j = -2*a + 24. Suppose -273*h + 326 = -54*h - 1645. What is the remainder when h is divided by a?
2
Let o = 2222 + -2150. What is the remainder when 204 is divided by o?
60
Suppose -135*j + 1223 + 4427 = -22*j. Calculate the remainder when 614 is divided by j.
14
Suppose -12*f = -10*f - 8. Let r = 31 - -51. Suppose 5*j = r + 43. What is the remainder when j is divided by f?
1
Let v = 2 + -2. Suppose 4*a - 3*k = -v*k + 313, -3*a = 4*k - 241. Let o(w) = -5*w**2 - 42*w - 56. Calculate the remainder when a is divided by o(-6).
15
Suppose 34 = 3*q - 152. Suppose 198 = 11*m - 5621. Let o = -512 + m. Calculate the remainder when q is divided by o.
11
Let w = -1350 - -1632. Calculate the remainder when w is divided by 8.
2
Suppose -233 = 15*k - 105*k + 1207. Calculate the remainder when 317 is divided by k.
13
Let v = -436 + 475. What is the remainder when (-452)/6*v/(-26) is divided by 13?
9
Let n(x) = -x**3 - 8*x**2 - 5*x + 27. Let m(w) = w + 8. Let b be m(-15). Let o(f) = 12*f. Calculate the remainder when o(3) is divided by n(b).
10
Let x = 16006 + -11208. What is the remainder when x is divided by 15?
13
Let g = 2541 - 2470. Let b = 4 + -7. Let j = 15 - b. Calculate the remainder when g is divided by j.
17
Suppose 12*d = -477 + 1833. Calculate the remainder when d is divided by 11.
3
Calculate the remainder when 202 is divided by (-37)/(-7) + (-86)/301.
2
Let s = 148 - 89. Suppose -1723*c + 1717*c = 3*g - 972, -5*g - 184 = -c. Calculate the remainder when c is divided by s.
46
Let c(v) = -237*v + 1034. What is the remainder when c(4) is divided by 4?
2
Suppose -4*q - 11742 = -28*q - 33*q. Calculate the remainder when q is divided by 19.
16
Suppose 0 = -2*u - 5*q + 88, -2*u - 3*q + 190 = 2*u. Let c(x) = -18*x**3 + 2*x**2 - 93*x - 192. Calculate the remainder when c(-2) is divided by u.
48
Let y = 49410 - 40059. Calculate the remainder when y is divided by 4.
3
Let m(o) = 47*o + 329. Let y be m(-7). Suppose 17*u - 845 - 2028 = y. What is the remainder when u is divided by 43?
40
Suppose -2*o = -2*p + 3*p - 34, 2*o + 8 = 0. Let i(b) = 2*b**2 - 20*b - 14. Let c be i(9). Let f = c + 157. What is the remainder when f is divided by p?
41
Let u(y) = -y**3 - 18*y**2 + 39*y + 38. What is the remainder when 297 is divided by u(-20)?
7
Suppose -657 = -3*m - 2*o, -m + 139 = 4*o - 80. Let c = -194 + m. Calculate the remainder when 69 is divided by c.
19
Suppose -4*r - c = -755, -385 = -15*r + 13*r + c. Suppose 7*z - r = 307. Calculate the remainder when z is divided by 32.
7
Suppose 0 = -14*t - 8*t + 154. Suppose 264 = -t*a + 10*a. Calculate the remainder when a is divided by 15.
13
Calculate the remainder when 13*(-34 + -2)/(-4) is divided by (-20)/(-130) + 4/(104/438).
15
Suppose -4*r + 40 = 4*u - 348, 2*u - 5*r - 159 = 0. What is the remainder when 345 is divided by u?
69
Suppose 3*d - 173 = -2*v, 3*d + 2*v + 2*v - 169 = 0. Suppose 7*j + d = 199. What is the remainder when 138 is divided by j?
18
Suppose -4*l = -4*v + 10 - 2, 4*l = 5*v - 13. Suppose 5*w + 2*f - 1346 = 0, -v*f - 789 = w - 4*w. What is the remainder when w is divided by 10?
8
Let s(p) = p**3 - 11*p**2 + 4*p - 27. Let t be s(11). Suppose t = -20*q + 21*q. What is the remainder when 84 is divided by q?
16
Suppose -15*f - f = 5*f - 2499. Calculate the remainder when f is divided by 31.
26
Let u = -32633 + 32817. What is the remainder when 258 is divided by u?
74
Suppose -h + 3*l - 6 = -4, 24 = 4*h - 4*l. Let o = -491 + 516. What is the remainder when o is divided by h?
5
Suppose 0 = -5*d + 3*d + 40. Suppose -3*n + 4*n - 355 = 0. Let f = n - 276. Calculate the remainder when f is divided by d.
19
Suppose 76 - 4423 = -69*q. What is the remainder when 4670 is divided by q?
8
Suppose -23*m - 34 = -195. Suppose -v = -2*t + 7, -3*v - t - m + 14 = 0. Calculate the remainder when 4 is divided by v.
0
Suppose -736*y + 27191 = -9609. What is the remainder when y is divided by (-1 + 23)*(2 - 1)?
6
Let c be (-1)/(-7) + 0 - 864/(-224). Suppose 5*l - b - 33 = 0, -9*l + 7*l - c*b + 22 = 0. What is the remainder when 109 is divided by l?
4
Let s be (-6 - 5)*1 + 1. Let q(h) = h**2 - 3*h + 20. Calculate the remainder when q(s) is divided by 43.
21
Let y(q) = -14*q - 6. Let f be y(2). Let m be (-2)/(-4) - 282/(-4). Let z = m + f. Calculate the remainder when z is divided by 13.
11
Let i = -1988 + 2059. What is the remainder when 459 is divided by i?
33
Let h(b) = -b**3 - 6*b**2 - 16*b - 30. Let o be h(-4). Calculate the remainder when 63 is divided by o/6 - 1*(-276)/36.
7
Suppose 79*o + 43*o - 29402 = 0. What is the remainder when o is divided by 66?
43
Suppose -2*t + 12 = 2*v, 3*v - 7*v = 2*t - 16. Suppose 1599 = s + 4*s + v*f, 4*f - 1272 = -4*s. Calculate the remainder when s is divided by 18.
15
What is the remainder when (9/(-12))/((-8067)/1008 - -8) is divided by 52?
44
Suppose 51*v = 129*v - 2184. What is the remainder when 8762 is divided by v?
26
Let s be (63/(-144)*4)/((-2)/8). Suppose -5*g - r + 292 = 0, s*g - 6*g - 48 = 5*r. Calculate the remainder when g is divided by 20.
18
Calculate the remainder when ((-16)/20)/((-631)/(-6312) + (-104)/1040) is divided by 10.
8
Let a = 33 + 30. Let d(l) = -3*l**3 + 4*l**2 + 2*l + 6. Let j be d(-3). Suppose -a - j = -2*n. What is the remainder when n is divided by 31?
28
Let t(l) = -l - 2. Let f be t(-2). Suppose -72 = -4*j - f. Calculate the remainder when (3/(-2))/(3/(-67)) + 290/(-580) is divided by j.
15
Let z = -44580 + 44598. What is the remainder when 2014 is divided by z?
16
What is the remainder when 13568/6 - (-2)/8*268/(-201) is divided by 151?
147
Suppose -19*y + 20*y = 104. Calculate the remainder when y is divided by ((0 + -7)*1)/(4/(-20)).
34
Let n(y) = 75*y - 2135. Calculate the remainder when 1301 is divided by n(34).
56
Suppose -2*c + 3128 = 3*l, 4*l - 3144 = -2*c + 9*l. Calculate the remainder when c is divided by 14.
13
Suppose 3*z - 2*l + 8 = -4*l, -3*z + l + 4 = 0. Let r(x) = 6*x + 11. What is the remainder when 41 is divided by r(z)?
8
Let b(x) = 233 - 140 - x**3 - 4*x**2 - 4*x - 122. What is the remainder when 58 is divided by b(-5)?
10
Let y = 58 - -17. Suppose 0 = 3*b - 12 - 3. Suppose -3*i + 88 = -b*v, -4*i - v = 2*v - 98. Calculate the remainder when y is divided by i.
23
Let v = 114 + -144. Calculate the remainder when 125 is divided by 28 - 30/4*(-20)/v.
10
Suppose 2*y - 4 = -2*k, -4*y + 6*k = k - 17. Suppose 59*g - 81 - 96 = 0. Suppose g = -y*p, -5*f = p - 0*p - 69. What is the remainder when 27 is divided by f?
13
Suppose -212*w = -208*w - z - 488, -4*z + 16 = 0. What is the remainder when 438 is divided by w?
69
Suppose -46 = -y - 25*v + 28*v, 4*y + 2*v = 100. What is the remainder when 360 is divided by y?
24
Let j(g) = 19*g**2 + 284*g + 79. Calculate the remainder when 135 is divided by j(-15).
41
Let s(u) = 3*u**2 + 2*u - 4. Calculate the remainder when s(5) is divided by ((-33)/22)/3*-4 - -10.
9
Suppose 0 = r + 5*h + 143, -r + 6*h - h - 83 = 0. Let w(j) = 100*j. Let q be w(-2). Let z = r - q. What is the remainder when z is divided by 